)/12)*(-24 + 17) composite?
True
Let p(c) = -570*c + 199. Let o(d) = -854*d + 298. Let z(a) = -5*o(a) + 7*p(a). Is z(6) a prime number?
True
Suppose -3*j = 5*v + 16, -6*j + 4*v + 29 = -3*j. Suppose -2*t + 50 = -j*s, 2*t - 5*s - 87 = -29. Is t a composite number?
False
Let p be (-3792)/(-20)*620/6. Suppose 2*n - p = -2*s, 3*s + 4*n - 29358 = 7*n. Is s composite?
False
Suppose n + 13 - 9 = 0. Let t(c) = 7446*c - 6. Let s be t(n). Is ((-2)/6)/(10/s) composite?
True
Suppose -4*f = -5*f - x - 4, 0 = -f - 5*x - 24. Is (144/27 - 5)/(f/9549) a composite number?
True
Let k(b) = -3*b**2 - 2*b + 5. Let f be k(0). Suppose 0 = 5*v + 4*p, -p = -f*v + p. Suppose v = -11*c + 1329 + 4160. Is c a prime number?
True
Let b(s) = 2162*s - 425. Is b(101) a composite number?
False
Let u = 1440 + -857. Suppose -141 = -3*m - 3*c, -74*c + 72*c + 2 = 0. Let o = m + u. Is o composite?
True
Let y(l) = 371*l**2 - 4 - 2027*l**2 - 3*l - 468*l**2 + 2. Let s be y(-1). Let n = s + 6426. Is n composite?
True
Suppose 46186 + 14135 = 5*g + o, 0 = g + 5*o - 12045. Is 1*(0 - (-2 - g)) + 0 prime?
False
Let a(c) = 311*c - 18. Let h(g) = -g. Let t(k) = -a(k) - 2*h(k). Let x(b) = 103*b - 6. Let n(p) = -3*t(p) - 8*x(p). Is n(3) a prime number?
False
Let u be (-6)/((-1)/(-1)) + 11. Suppose -u*s + 4176 + 169 = 0. Is s a composite number?
True
Let y = -4021 + 6575. Is y prime?
False
Let q = 22588 - 11549. Suppose -a - m = -2762, 5*m + q = 2*a + 2*a. Is a a composite number?
True
Suppose 7*f - 5*r = 11*f - 1, 3*r = -5*f + 11. Suppose 0*i + 15146 = f*k - i, -5*k = i - 18937. Is k composite?
True
Let b(c) = -10*c + 84*c**2 - 981 + 33*c**2 + 974. Is b(-8) prime?
True
Let i(o) = 2803*o - 3430. Is i(27) composite?
False
Let r(l) = 726*l**2 + l + 16. Let n be r(-5). Suppose 8*h - n = -3*h. Is h prime?
False
Suppose -3*d + 4*t + 0*t = -73, 4*d - 112 = -2*t. Suppose d*m - 20 = 31*m. Let w = 32 - m. Is w composite?
False
Let s = 21 + -16. Is -1 + (s - 3 - -1984) a prime number?
False
Let x(a) = 8*a + 4. Let s(o) = 17*o + 7. Let b(v) = 3*s(v) - 7*x(v). Let q be b(-4). Suppose -6119 = -3*y - q*p + 9*p, 2*y = -2*p + 4082. Is y prime?
False
Let c(d) = 3*d - 2*d + d + 0*d + 4. Let l be c(-4). Is 2 - (l - -9) - -226 a prime number?
True
Let w = 57 + -54. Suppose -4*b - 436 = -w*c, -c - 5*b + 84 + 55 = 0. Let z = c - 13. Is z a prime number?
True
Let w(z) = 110*z**2 + 6*z - 6. Let t(o) = -o**2 + 3*o + 20. Let y be t(-3). Is w(y) composite?
True
Let s = 57 - 15. Suppose 3*i = -0*i + y + s, 5*i + 2*y - 59 = 0. Suppose -10*n = -i*n + 33. Is n composite?
False
Let u(t) be the first derivative of t**3/3 - 3*t**2/2 + 3*t - 1. Suppose -5*w = 4*c + 47, -5*c - 14*w = -16*w + 67. Is u(c) prime?
True
Let i(p) be the third derivative of p**5/60 + 3*p**4/8 + 5*p**3/3 + p**2. Let n be i(-8). Is 1 + 28*n - (4 + -5) composite?
True
Let m = 102 - 98. Suppose -19434 = -m*b - u, u = -0*b - 2*b + 9716. Is b a prime number?
False
Let o(z) be the second derivative of 2*z + 91/2*z**3 + 0 - 5/2*z**2. Is o(2) a composite number?
False
Suppose -o - 6 = -3*x + 2*x, o - 6 = -3*x. Let a(b) = -7*b**3 - 5*b**2 - 3*b - 2. Let c be a(o). Is -1 + 0 + -1 + c a prime number?
True
Let i be 1*(3 - 0) - (-2 + 0). Let f = i - 4. Is (-5937)/(-4 + f)*(1 - 0) a prime number?
True
Is (1*(-2546956)/(-5) - -2)/(6/15) prime?
True
Let p(a) = 18051*a**2 + 27*a + 53. Is p(-2) a prime number?
False
Let s = -26 - -31. Let n(l) = -l + 8. Let a be n(s). Suppose 532 = a*f - 479. Is f a composite number?
False
Is 4960/2976 + (-684638)/3*-2 a prime number?
True
Suppose 4*f + 10224 = -4*b, 5*f = -3*b - 4050 - 3616. Let r = b + 9216. Is r a prime number?
True
Suppose -12*b = -325416 - 524073 + 56901. Is b composite?
True
Let i be 18/6*((-29176)/(-6) + 2). Suppose 7*y = i + 6714. Let l = y - 2085. Is l a prime number?
False
Suppose 899517 + 498042 = 64*c + 184951. Is c prime?
True
Suppose -5*p - 5*x = -15, -2*p - 7*x = -4*x - 4. Suppose 0 = 4*k - 5*k + l - 119, -p*k - 4*l = 586. Let i = k - -201. Is i prime?
True
Let g(o) = 317*o**2 + 94*o - 1041. Is g(-50) a prime number?
False
Let b(y) = y**3 - 14*y**2 - 2*y + 25. Let t be b(14). Is ((7606 - -1)*3/t)/(-1) a composite number?
False
Suppose 0 = 6*b - 230 + 1616. Let o = 540 + b. Is o a prime number?
False
Let t = 717 + -706. Is 814787/t + (2 - (-140)/(-55)) a prime number?
True
Suppose 2*z = -2*l + 56 - 170, 4*z + 3*l = -231. Let d be z*1*(-1)/2. Is 1/2 + 58455/d a prime number?
True
Suppose 2700 = -f + 5*f + 4*a, 0 = -f - 3*a + 673. Suppose 2*b - f = -3*j, -2*j + 687 + 322 = 3*b. Is b a composite number?
True
Let x(q) = 85*q**3 - 12*q**2 + 51*q + 47. Let i(b) = 17*b**3 - 2*b**2 + 10*b + 9. Let c(s) = 11*i(s) - 2*x(s). Is c(6) prime?
True
Let f(c) = -c**2 - 13*c. Let l be f(-13). Suppose l = -14*q + 2*q + 10368. Is (-26)/65 - q/(-10) prime?
False
Let s(q) = -q + 14. Let z be s(2). Let h be (6/(-2))/((-18)/z). Suppose -h*m + 1844 = -546. Is m composite?
True
Let c(j) = -2*j**2 + 5*j + 7. Let a be c(-4). Let t = -44 - a. Is (-140 - t)*(-4)/6 a prime number?
False
Let b = 75 - -30. Let w(j) = 2*j - 33 + 94*j**2 + 38 + b*j**2. Is w(-2) prime?
True
Suppose -3294931 = 483*t - 13385843 - 25443881. Is t a prime number?
True
Suppose -8805 = 15*a - 20*a. Let x be 4*((-5)/((-60)/a) - 4). Let u = 742 + x. Is u composite?
True
Suppose -13*n - 8 = -14*n. Let y(c) = c - 5. Let s be y(n). Is (-3048)/(-16)*26/s prime?
False
Suppose -10*g = -3*g + 63. Let i(h) = -74*h + 13. Let k be i(g). Suppose 2506 = 2*v + 4*u, v - 579 = 3*u + k. Is v a prime number?
False
Let x(j) = 14*j - 8 - 5*j + 11 + 8*j**2 + j**3. Let l be x(-6). Suppose -l*f = -20*f - 9989. Is f a composite number?
True
Suppose -5*h - 7*b = -740270, -17*h = -16*h - 2*b - 148071. Is h composite?
False
Let z = -194646 + 403017. Is z a prime number?
False
Suppose 7*i - 4 = 10. Let x(t) = -27*t**2 - 1. Let u be x(i). Let j = u - -196. Is j a prime number?
False
Suppose -38*j + 152*j = 5442018. Is j prime?
True
Let s(w) be the first derivative of w**3/3 + 5*w**2 - 9*w - 6. Let y be s(-11). Suppose y*j = j + 2*a + 507, 0 = 3*j - 3*a - 1509. Is j a prime number?
True
Suppose -v + 3*v - 2056 = 0. Let g = v - 543. Is g a composite number?
True
Is 41783 + -93 - (2 - 10) a composite number?
True
Let w = -3015 - -4313. Let y = w - -7575. Is y prime?
False
Let t(z) = 2*z**3 - 3*z**2 - 9*z - 47. Let i(k) = 2*k**3 - k**2 - 9*k - 47. Let q(g) = -3*i(g) + 2*t(g). Is q(-10) composite?
False
Suppose -4544 - 2896 = -24*o. Suppose 0 = -69*s + 64*s + o. Is s prime?
False
Suppose -292318 = -i - 5*w, -8*i - 3*w = -4*i - 1169255. Is i prime?
False
Let y be 5 + -6 + (-1 - -4). Let k(w) = 76 + 89 - y*w + 86 + 126. Is k(0) composite?
True
Let p(c) = -c**2 + 14*c + 22. Let a be p(-10). Let l = a + 1300. Suppose -5*k = -3*k - l. Is k a prime number?
True
Suppose 28*w - 42 = 70. Suppose 5*i = -3*h + 10507, w*h = -2*i - 193 + 4407. Is i composite?
False
Let f(x) = 524*x - 10. Let g(q) = 524*q - 9. Let j(a) = -6*f(a) + 5*g(a). Is j(-7) a composite number?
True
Suppose -4*a + 44030 = 3*g + 9481, a = 5*g - 57597. Is g composite?
False
Suppose 5007855 = -40948*d + 40963*d. Is d composite?
False
Let w = 67417 + 154524. Is w a composite number?
False
Let c(z) = 49*z**2 - 87*z + 443. Is c(43) a prime number?
False
Let q(n) = 31*n**2 - 5*n - 37. Let l = 529 + -533. Is q(l) composite?
False
Is 70/525 + 222564/45 prime?
False
Is (30/4 - 8)*667124*3/(-6) prime?
True
Let q(h) = -27*h**2 - 3. Let w be q(2). Let l = -107 - w. Suppose 4*u - 15752 = l*n, -n = -3*u + 12416 - 596. Is u composite?
True
Let s be (-56)/16*(7977/(-3) - 3). Suppose -5*z = -5*g - 12306 + 686, -3*g = 4*z - s. Is z a composite number?
True
Let y(q) = -q**3 - 3*q**2 - 2*q + 1. Let b be y(-3). Suppose b*h = -3*h + 30. Suppose 23744 = 4*s + h*f, -20277 = -2*s + f - 8395. Is s a prime number?
True
Suppose x - 5*u - 32 = 0, 3*x + u - 28 = -u. Let a(w) = 5*w - 24. Let z be a(x). Is 2979/z*2*2 a composite number?
False
Let b(y) = -3*y**2 - 35*y + 14. Let v be b(-12). Is v*(-2 + 34284/8) composite?
True
Let t be 2/4*(-6 + 30/5). Suppose -n + 157 = -t*n. Suppose -5*c + 170 = 5*l, 4*l + 2*c - 5*c = n. Is l prime?
True
Is (150966 - 6) + (2/4)/((-1)/2) prime?
True
Let a = -6 - -10. Let q = 2593 + 11371. Suppose a*x - q = -3*l, 3*l = 4*x - 7208 - 6756. Is 